of n?
11
Let l(c) = -14*c. Suppose 0 = -3*t - 0*k - 5*k - 154, 2*k = 2*t + 108. Let r = t - -47. List the prime factors of l(r).
2, 3, 7
Let h(u) be the second derivative of u**7/1260 - 3*u**5/40 - 2*u**4/3 - 20*u. Let c(t) be the third derivative of h(t). What are the prime factors of c(4)?
23
Suppose -379 - 424 = -m. Suppose 4*d + 267 = m. Suppose h - d + 50 = 0. What are the prime factors of h?
2, 3, 7
Let p(w) = 2*w - 9. Suppose 3*t - t = -2*u + 14, 3*t + u = 27. Let s be p(t). Suppose 10*b = s*b - 235. What are the prime factors of b?
5, 47
Let v = 126027 - 72704. List the prime factors of v.
53323
Suppose 122*u + 179860 = 142*u. List the prime factors of u.
17, 23
Let d(y) = -4*y**3 - 11*y**2 + 23*y - 29. Let p(x) = -5*x**3 - 9*x**2 + 23*x - 30. Let c(u) = -4*d(u) + 3*p(u). List the prime factors of c(-18).
2, 29
List the prime factors of -54 + (-1978)/(-43) - (2 - 32)*343.
2, 53, 97
Let v(q) = -q**2 + 24*q - 39. Let t be v(23). What are the prime factors of 733/4*t/(-4)?
733
Suppose 6*d = 3*d + 441. Suppose 23*t - 20*t = d. Let r = -31 + t. What are the prime factors of r?
2, 3
Suppose 2*x = 5*q + 3673, 5*x - 2*x - 3*q = 5523. Suppose 3*o - 8*o - 3*f = -x, -o = -5*f - 352. What are the prime factors of o?
367
Suppose 0 = 3*q + 4*g - 3*g - 17, 2*q = 5*g - 17. Let w be -3 + q + -3 + -4. Let k = w - -40. List the prime factors of k.
2, 17
Let b(l) = -26*l - 49. Let a be b(-2). What are the prime factors of (a + -1)/(12/102)?
17
Let j be 0 + 1 + 13 + 9 + -10. Suppose -56 = -j*l + 2596. List the prime factors of l.
2, 3, 17
Let f = 299 + -299. Suppose -4*w - 2*q = -2298, f = -4*w - w + 4*q + 2840. What are the prime factors of w?
2, 11, 13
Suppose -4*b = b. Let a = b + -30. List the prime factors of (-576)/a*(-10)/(-3).
2
Let k = 6615 - 4453. Suppose 1633 = 11*t - k. What are the prime factors of t?
3, 5, 23
Let u(x) = 5*x**2 - 20*x - 98. List the prime factors of u(110).
2, 29101
Suppose -92 = 3*x - 2*c, c + 28 = 5*x + 172. Let i = 121 + x. Let h = -18 + i. List the prime factors of h.
3, 5
Let v = -16876 + 59325. What are the prime factors of v?
11, 17, 227
Let b = -212 - -342. List the prime factors of (b/(-91))/((6/(-28))/3).
2, 5
Suppose -5965 - 1145 = -3*x. Suppose 5*d - 4 - 6 = 0, x = 4*h + d. What are the prime factors of h?
2, 37
Let z(d) be the second derivative of -38*d**3/3 + 58*d**2 - 14*d. What are the prime factors of z(-15)?
2, 157
Suppose 1 = -d - c + 11, 3*d - 34 = -c. List the prime factors of (9 - -3)/(d/366).
2, 3, 61
Suppose -3*c + 4*c + 5*l = 21, 5*c = -l - 15. List the prime factors of 536 - 1 - 2/c*0.
5, 107
Let r = -1079 + 1605. Suppose -7*h - r = -2*b - 4*h, 3*h = b - 257. What are the prime factors of b?
269
Suppose -3*i + 46 = 4*d - 51, -3*i = 5*d - 101. Suppose -815 = -2*y + 3*v, 2*y - 24*v - 833 = -i*v. What are the prime factors of y?
2, 103
Let b = 704 - 1535. Let g = b + 1218. List the prime factors of g.
3, 43
Suppose 0 = 3*r + 2*l - l - 45, 4*r - 47 = 3*l. Suppose -350 = -u - 4*x, 5*u + 18*x - r*x = 1686. List the prime factors of u.
2, 167
Suppose -7*b + 2*b + 365 = 0. Let f = 115 - 113. Suppose -f*u + 63 + b = 0. List the prime factors of u.
2, 17
List the prime factors of ((-85218)/(-35))/(8/20).
3, 2029
Let w(r) = r**3 + 11*r**2 + 25*r - 13. Let q be w(-7). Suppose -4*f - q*f = -220284. What are the prime factors of (f/116)/((-6)/(-8))?
211
Let j(b) = -2*b**2 - 17*b + 26. Let i be j(-9). Suppose 69344 = 27*z + i*z. List the prime factors of z.
2, 197
Let b(r) = 421*r + 969. List the prime factors of b(10).
5179
Let q be (-6)/30 + (-4528)/10. Let p = q + 1335. List the prime factors of p.
2, 3, 7
Suppose -4*b = -8*t + 9*t - 209, 4*b + 16 = 0. Let o = t - -132. What are the prime factors of o?
3, 7, 17
Let t(x) = 1722*x**2 - 44*x + 89. What are the prime factors of t(2)?
83
Suppose 2*m + 3*y + 0*y = 6, 4*y - 8 = -4*m. Suppose m = -2*h + 95 + 117. List the prime factors of h.
2, 53
Let k(c) = 7*c**2 + 6*c - 4. Suppose 0 = -2*y + y - 24. Let l = y + 27. What are the prime factors of k(l)?
7, 11
Suppose 2*b - 630 = 330. Suppose -3*g - 7*d + 6*d + 360 = 0, 4*g - d - b = 0. List the prime factors of g.
2, 3, 5
Let u = 123 + -118. List the prime factors of (u - -1)*(-356)/(-6).
2, 89
Let j(p) be the first derivative of -p**4/4 + 4*p**3/3 + 7*p**2/2 - 16*p + 10. Let f be j(4). What are the prime factors of (f/9)/((-2)/(-189))?
2, 3, 7
Suppose 2*l - 224 = 3*c, l + 3*l - 428 = -4*c. Let x = -23 + 27. Suppose -l = -x*s + 167. List the prime factors of s.
3, 23
Let n = -1275 + 12412. What are the prime factors of n?
7, 37, 43
Let y = 84972 + -38126. What are the prime factors of y?
2, 59, 397
Let y be ((-1)/(-2))/1 + 47350/20. Let x = y - 1255. What are the prime factors of x?
3, 7, 53
Let v = 320 - 308. List the prime factors of 25/150 + 3346/v.
3, 31
Let f(k) = k**3 - 4*k**2 + 8*k + 3. Let w be f(3). Suppose 7*d = 5*d + w. What are the prime factors of d/((9/(-42))/(-1))?
2, 3, 7
Let x(m) = 202*m - 160. Let b(q) = -102*q + 79. Let v(l) = 13*b(l) + 6*x(l). List the prime factors of v(-11).
1321
Let x(j) = -2*j**2 + 6*j + 343. Let b be x(0). Let f = b - 48. List the prime factors of f.
5, 59
Let q(g) = g**3 + 2*g**2 - 7*g - 2. Let w be q(-3). Let d(h) = 2*h + 1. Let s be d(w). Let z = 25 - s. What are the prime factors of z?
2
Let v be -1 + 1545 + (-31 - -37). Let u = -943 + v. What are the prime factors of u?
607
Let f(r) = r**3 - 6*r**2 - 12*r + 8. Suppose -5*c - 11 + 6 = 0, 0 = -4*y + 2*c + 30. Let h be f(y). Let s = h + 90. List the prime factors of s.
3, 7
Let i(x) = x**3 + 6*x**2 + 4*x - 5. Let b be i(-5). Suppose 272 = 2*n - 0*n. Suppose b*h - n = -h. List the prime factors of h.
2, 17
Let n = 1744 - 2502. What are the prime factors of -13 - -6 - (n - -1)?
2, 3, 5
Let u(g) = -1 + 4 + 3 + 68*g. Let f be u(3). Suppose 5*k - 4*m = 539, -2*m - m - f = -2*k. List the prime factors of k.
3, 37
Let f = 236 + -133. Let i = f + -37. What are the prime factors of i?
2, 3, 11
Let t(k) = -44836*k**3 + 8*k**2 + 9*k. List the prime factors of t(-1).
3, 5, 7, 61
Suppose -3*s = -5*p - 14, -2*s = -512*p + 507*p - 11. Let r = -36 + -42. What are the prime factors of (0 - r/(-2))*p?
3, 13
Let v = 3679 - 2162. Suppose 0 = -5*z + v + 1553. List the prime factors of z.
2, 307
Suppose -3*j = -j - 5*r - 30, 5*j = -2*r + 46. Suppose -j*w = -17*w + 1638. List the prime factors of w.
2, 3, 13
Suppose 0 = 10*a - 11*a - 2. Let r be 100 + (-10)/(-2) + a + 0. Suppose -5*i = -10, -x - 2*i = -0*i - r. List the prime factors of x.
3, 11
Let t = 21880 - 11819. List the prime factors of t.
10061
Suppose 3*t = -2*n + 39322, 14*t - 9*t - 78648 = -4*n. What are the prime factors of n?
71, 277
List the prime factors of 17635/3 + -1 + 77/(-33).
5, 47
Suppose 8*m = -0*m + 15744. Suppose 0 = -4*a + 7*a + d - 1478, 4*a + 4*d = m. List the prime factors of a.
17, 29
Let q(r) = -183*r**3 - 2*r**2 + r + 2. Let g be q(-1). Let b = g - 355. Let h = b + 296. List the prime factors of h.
3, 41
Suppose 0 = -34*u + 39*u + t - 52951, 5*t = -4*u + 42365. What are the prime factors of u?
2, 3, 5, 353
Suppose 0 = -55*i + 52*i - 9. Let s(v) = v**3 + 3*v**2 - 2*v + 1. Let n be s(i). Suppose 828 = 2*h + n*h. List the prime factors of h.
2, 23
Let f(y) = 10710*y**3 - 8*y**2 - 2*y + 3. What are the prime factors of f(1)?
7, 11, 139
Let t be 168/27 - (-16)/(-72). Let m(p) = -p - 12*p + t + 10 + 2*p. List the prime factors of m(-6).
2, 41
Let w(h) = -7*h - 32. Let u be w(-15). Let o = 85 - u. Let n = 33 - o. What are the prime factors of n?
3, 7
Suppose -6*z + 12 = -4*z. Let n(s) = 5*s**2 - 4*s + 14*s**3 + 7 + 2*s**2 - 15*s**3 + 0*s. List the prime factors of n(z).
19
Let p be 0/(-1) + 0 + 4. Suppose -p = -d, 0 = -3*i + i + 2*d - 2. Suppose 3*a + i*g = 288, 2*a - 251 = -5*g - 74. List the prime factors of a.
101
Let s be 18/(-12) - ((-15)/6 + -1). What are the prime factors of s/16 + (-1)/8*-911?
2, 3, 19
Let b(y) = -y**3 - 7*y**2 + 7*y + 144. What are the prime factors of b(-22)?
2, 5, 29
Suppose -7*w = 6*w - w. Suppose 2*o + l = o + 588, w = -5*o + 3*l + 2980. Suppose 4*g - 167 - o = 0. List the prime factors of g.
2, 5, 19
Let d be (2/4)/(5*(-4)/(-720)). Let c be (44/6)/(d/837). Let t = c - 135. What are the prime factors of t?
2, 103
Let s = 3424 - 2154. Suppose